.
2, 41, 53
Let x(w) = 8*w**2 + 28*w - 42. List the prime factors of x(9).
2, 3, 11, 13
Suppose -18*x = -17*x - 12. List the prime factors of 2/7 + x/7.
2
List the prime factors of ((-4880)/(-100))/((-2)/(-15)).
2, 3, 61
Suppose -4*o - 280 + 844 = -r, o - 141 = 4*r. Let n = -70 + o. What are the prime factors of n?
71
Let h(l) be the first derivative of l**6/30 + l**5/40 + l**4/24 + 4*l**3/3 + 2. Let m(t) be the third derivative of h(t). What are the prime factors of m(-2)?
43
Let k = 2 - 3. List the prime factors of (k + (-2)/(-3))*-246.
2, 41
Suppose 3*z + 5*l - 65 = 0, 0 = 2*l + 2*l - 16. Let a(q) = -q**3 + 15*q**2 + 10*q + 14. What are the prime factors of a(z)?
2, 41
Suppose 5*d = -316 - 209. Let l = d + 109. What are the prime factors of l?
2
Let t(w) = 25*w + 15. Let s(v) = -v + 1. Let d(o) = -3*s(o) - t(o). List the prime factors of d(-3).
2, 3
Let x be (-2)/(-6)*(-1 + 124). Let a be 43/(-3) - (-4)/(-6). Let n = a + x. List the prime factors of n.
2, 13
Let r(f) = -f**3 - 12*f**2 - 11*f - 4. Let c be r(-11). What are the prime factors of (136/(-16))/(2/c)?
17
Suppose 45 = -4*g - 99. Suppose 5*f + 224 = -4*b, b + 271 = -4*b - 4*f. Let d = g - b. List the prime factors of d.
3, 5
Suppose 4*h + 4869 = 5*a, 2*a + 4*h - 1970 = -0*a. What are the prime factors of a?
977
Let k(q) = q**2 + q - 1. Let i be k(-3). Suppose 3*o = 5*o - 20. Let w = o - i. List the prime factors of w.
5
List the prime factors of 34*((-81)/(-4))/((-51)/(-34)).
3, 17
Let l = 6 + -2. Let o(b) = -9*b - 8*b + 0*b + l*b - 5. What are the prime factors of o(-2)?
3, 7
Suppose -2*x - w = -5*w - 1568, 5*w = 2*x - 1564. Suppose -302 + x = 2*y. List the prime factors of y.
5, 7
Let x(i) = -i**3 - 6*i**2 + 6*i - 5. Let j be x(-6). Let m = 45 - j. Suppose -52 = -3*u + m. What are the prime factors of u?
2, 23
Let o(f) = -3*f - 3. Let x(b) = -b - 2. Let q(l) = l + 8. Let z be q(-6). Let t(a) = z*o(a) - 5*x(a). What are the prime factors of t(-7)?
11
Suppose 139390 = 105*c + c. List the prime factors of c.
5, 263
Let a(x) = 3*x + 19. Let k be a(-5). Suppose -54 = -b + 5*j + 18, -2*b - 4*j + 74 = 0. Suppose k*h - b = 3*h. What are the prime factors of h?
47
Let z = -183 + -38. Let j = z - -372. What are the prime factors of j?
151
Suppose 1 = -5*d + 11. List the prime factors of 844/44 - d/11.
19
Let m be (-1)/((-2)/174)*1. Suppose -3*j = -0*w + 2*w - 69, w = -4*j + m. Let c = -5 + j. What are the prime factors of c?
2
Suppose 5*p - x - 25 = 0, 4*p + 4*x = -6 + 26. Suppose 0 = 2*r + p*d - 325, -10 = -3*d + d. List the prime factors of r.
2, 3, 5
Let a(y) = 9*y**2 + 19*y - 64. What are the prime factors of a(11)?
2, 617
Let r = 36 + -29. Suppose r*a + 0 - 91 = 0. List the prime factors of a.
13
Suppose 552 = -5*s + 7*s. Suppose -7*f + s = -11*f. Let w = -33 - f. What are the prime factors of w?
2, 3
Let w be (-1)/4 + 82/8. Let r be 2/(-4)*-10 + 2/(-2). What are the prime factors of 5/1*r/w?
2
Let a = 390 + 780. What are the prime factors of a?
2, 3, 5, 13
What are the prime factors of ((-34661)/(-33))/((-4)/(-12))?
23, 137
Suppose -5*t + 1745 = -6805. What are the prime factors of t?
2, 3, 5, 19
Let m = 2 + 1. Suppose 5*k - 15 = 2*s, m*k + 4*s + 22 = -s. List the prime factors of (0 - k)*(-9 + 4).
5
Let p(o) = 12*o**2 + 5*o + 21. What are the prime factors of p(6)?
3, 7, 23
Suppose 7*n = -c + 2*n - 119, 3*c = -5*n - 367. Let s = -61 - c. List the prime factors of s.
3, 7
Let v = 3222 - 1812. List the prime factors of v.
2, 3, 5, 47
Let b be (1 - -1)*1 + 1. Suppose -8*v + b*v = 35. Let x = 19 + v. List the prime factors of x.
2, 3
Let c(t) = -51*t + 9. Suppose -2*y - 2 = r + 8, -5*r - 20 = 5*y. Let u be c(y). Suppose 9*x = 4*x + u. List the prime factors of x.
3, 7
Suppose 4 = -3*a + 3*g + 1, -25 = -3*a - 4*g. Suppose -2*f = a - 19. Suppose -123 + f = -5*c. What are the prime factors of c?
23
Let p(x) = x**3 - 4*x**2 - 5*x + 6. Let v be p(6). Let c = -34 + v. Suppose -11*s + c*s = 6. List the prime factors of s.
2
Let h(s) = 3 + 12*s - 3 + 3 + s**2. Let d be h(-12). Suppose d = -5*b + 138. What are the prime factors of b?
3
Suppose -24 = -5*r - 4. Suppose k - 100 = -4*a, r*k - 4*a = 76 + 404. What are the prime factors of k?
2, 29
Let g = -151 - -181. Let c = 80 - g. List the prime factors of c.
2, 5
Let l = -128 + 329. Suppose -l = -b - 63. List the prime factors of b.
2, 3, 23
List the prime factors of -286 + 292 + (-2110)/(0 + -1).
2, 23
Let t(x) = x - 1. Let j(l) = 4*l - 12. Let q(i) = j(i) - 6*t(i). Let u be q(-4). Suppose 4*h + 20 = 0, -p + 26 = -u*h - h. What are the prime factors of p?
11
Let d be (-143)/39 + 4/6. Let x be (d - (0 + 0)) + 1. Let l = x - -44. List the prime factors of l.
2, 3, 7
Suppose 1128*v = 1125*v + 4296. List the prime factors of v.
2, 179
Let h = 778 - 511. Suppose 0 = -o + 2*o - 4*s - 114, 2*o + 5*s = h. List the prime factors of o.
2, 3, 7
Let u(h) = 4*h**3 - 13*h**2 + 19*h - 259. List the prime factors of u(10).
3, 877
Suppose -4*k - 142 + 486 = 0. Let r = 10 + k. What are the prime factors of (-3)/(4/(r/(-9)))?
2
Let g = -99 + 101. Suppose -253 = -g*v + 179. List the prime factors of v.
2, 3
Let v = -131 + 633. List the prime factors of v.
2, 251
Suppose z - 15 = -0*t - 3*t, -7 = -4*t + 3*z. Suppose c + f = -c + 153, 0 = t*c - 4*f - 336. What are the prime factors of c?
79
Suppose 2*s + 3 = 3*s. Let i = -6 - -8. Suppose -3*o - 4*g = -56, i*g + 20 = o + s*g. List the prime factors of o.
2, 3
Let z(s) = -s**3 + 25*s**2 + 7*s + 15. List the prime factors of z(24).
3, 11, 23
Suppose 4*p - 6132 = p. What are the prime factors of p?
2, 7, 73
Suppose -8 = -6*g + 10. Suppose 0 = 2*y + 2*z - 64, g*y - z = -y + 118. List the prime factors of y.
2, 3, 5
Let q(p) = 6 - 7*p + 8*p - 2*p. Let z be q(3). List the prime factors of 0 + (z - -3*14).
3, 5
List the prime factors of (-374)/4*-5*6/5.
3, 11, 17
Suppose 9*p = 4*p + 10. Let m = 2 - p. Suppose -i = -m*i + 2*c - 59, 2*i - c = 98. What are the prime factors of i?
3, 17
Suppose 18*i - 5*t = 22*i - 2869, -2*t - 1448 = -2*i. What are the prime factors of i?
7, 103
Let j(o) be the first derivative of -o**3/3 - 6*o**2 - 15*o - 2. Let x be j(-10). Suppose -6*d + 2 = -x*d. List the prime factors of d.
2
Let k = 421 + 2056. What are the prime factors of k?
2477
Let l(r) = -2*r**3 - 5*r**2 + 26*r - 29. What are the prime factors of l(-12)?
5, 479
Let w(l) = -l**2 + 7*l - 2. Let m be w(-6). Let d = m + 121. What are the prime factors of d?
41
Let r(s) = 2*s - 22. Let v be r(10). What are the prime factors of -3*22/(-3) + v?
2, 5
Let b = -14 + 16. Suppose b*n = -2*q, 14 = 3*q + q - 3*n. Suppose 24 = x + q*x. List the prime factors of x.
2
Let n(f) be the second derivative of f**5/20 + 3*f**4/4 + f**3 - 6*f**2 - 4*f. What are the prime factors of n(-7)?
2, 11
Suppose -2*v - 103 = 3*s - 1150, 0 = v - 3*s - 528. What are the prime factors of v?
3, 5, 7
Suppose 5*c - 3*b - 695 = -b, -2*c = -3*b - 267. Let f = -42 + c. What are the prime factors of f?
3, 11
Let t(o) = -2*o**3 + o + 1. Let j be t(-1). Suppose -j*g = -23 - 41. Suppose 6 + g = 2*b - 5*x, 3*b - 62 = 5*x. What are the prime factors of b?
2, 3
Suppose -3 = -o - 5, 2*q - 2*o - 10 = 0. Suppose 4*w - 4*l = -2*l + 314, -5*w - l + 389 = 0. What are the prime factors of (2/4)/(q/w)?
13
Let l(p) = p**3 + 3*p**2 - 17*p + 536. What are the prime factors of l(0)?
2, 67
Let s(h) = h**3 + 70. Let n(q) = -6*q + 12. Let t be n(2). List the prime factors of s(t).
2, 5, 7
List the prime factors of (-344)/(-6)*-1*12/(-8).
2, 43
Let g = -26 - -29. Suppose 0 = g*n + 4*d - 500, 684 = 4*n + 2*d - d. List the prime factors of n.
2, 43
Let g(p) = -p**2 + 76*p - 3*p**2 - 77*p + 2. Let s be g(-3). List the prime factors of (-17)/(-68) + s/(-4).
2
Suppose 9*u - 7*u = 84. Suppose 20 = 47*h - u*h. What are the prime factors of h?
2
Let v = 79 + -56. Suppose j + 3*w - 44 = -2*w, 2*w = j - v. What are the prime factors of j?
29
Let n(r) = r**3 - 20*r**2 - 15*r - 6. Let f(u) = -u**2 - u. Let t(h) = 4*f(h) - n(h). What are the prime factors of t(16)?
2, 7, 13
Let j(i) = -i**3 + 6*i**2 - i - 15. Let g be j(5). Suppose 0 = -z - 3, 7*p + 4*z = g*p + 338. List the prime factors of p.
5, 7
Let w(s) = -s**2 - 2*s + 1. Let r be w(-2). Let v = r + -10. Let u = 7 - v. List the prime factors of u.
2
Sup